he prime factors of 136610797.
7019, 19463
List the prime factors of 175553735.
5, 7, 43, 67, 1741
List the prime factors of 444948677.
59, 199, 37897
What are the prime factors of 65895296?
2, 109, 4723
What are the prime factors of 866405521?
15053, 57557
What are the prime factors of 1767620854?
2, 137, 6451171
What are the prime factors of 28352059?
28352059
List the prime factors of 650619921.
3, 7, 827, 37463
What are the prime factors of 145326818?
2, 7, 13, 239, 257
What are the prime factors of 3699712?
2, 3613
What are the prime factors of 486722671?
486722671
List the prime factors of 5230605602.
2, 2615302801
List the prime factors of 1278414244.
2, 23, 193, 71999
What are the prime factors of 1560396570?
2, 3, 5, 52013219
What are the prime factors of 43635215?
5, 13, 787, 853
What are the prime factors of 28540424?
2, 11, 23, 59, 239
List the prime factors of 234581519.
234581519
List the prime factors of 74159822.
2, 11, 1663, 2027
What are the prime factors of 445999157?
1933, 230729
What are the prime factors of 47240481?
3, 3541, 4447
What are the prime factors of 4661222110?
2, 5, 466122211
What are the prime factors of 3720734067?
3, 10607, 116927
What are the prime factors of 30108206?
2, 29, 519107
What are the prime factors of 54558610?
2, 5, 17, 487, 659
List the prime factors of 13634698.
2, 7, 11, 29, 43, 71
List the prime factors of 6977649944.
2, 41, 61, 277, 1259
What are the prime factors of 1298878738?
2, 29, 53, 422537
List the prime factors of 43932961.
43932961
What are the prime factors of 1067092115?
5, 213418423
List the prime factors of 2693891426.
2, 1346945713
What are the prime factors of 12537782?
2, 6268891
What are the prime factors of 52506756?
2, 3, 1458521
List the prime factors of 90027503.
31, 71, 40903
What are the prime factors of 403588372?
2, 11, 9172463
List the prime factors of 916969187.
37, 24782951
List the prime factors of 388568083.
388568083
What are the prime factors of 1268364757?
11, 115305887
List the prime factors of 307407946.
2, 29, 43, 123259
What are the prime factors of 92193471?
3, 379397
List the prime factors of 72826720.
2, 5, 455167
List the prime factors of 7784270.
2, 5, 13, 59879
List the prime factors of 943006227.
3, 314335409
List the prime factors of 5456285694.
2, 3, 17, 17830999
What are the prime factors of 165741510?
2, 3, 5, 11, 502247
List the prime factors of 732830827.
263, 2786429
What are the prime factors of 81744770?
2, 5, 8174477
What are the prime factors of 315488638?
2, 11069, 14251
List the prime factors of 237206365.
5, 11, 389, 11087
List the prime factors of 32928380.
2, 5, 71, 23189
What are the prime factors of 4926678?
2, 3, 821113
List the prime factors of 2242081.
193, 11617
What are the prime factors of 346563824?
2, 21660239
What are the prime factors of 1643947777?
37, 5309, 8369
List the prime factors of 4434238469.
17, 439, 594163
What are the prime factors of 33052898?
2, 16526449
List the prime factors of 1621082038.
2, 810541019
What are the prime factors of 534001328?
2, 7, 811, 5879
What are the prime factors of 1526256513?
3, 1117, 5623
List the prime factors of 7436588427.
3, 275429201
What are the prime factors of 301044110?
2, 5, 30104411
What are the prime factors of 1231254409?
7, 11, 46619
What are the prime factors of 1088333003?
1088333003
List the prime factors of 132455848.
2, 7, 2365283
What are the prime factors of 2595102353?
2287, 1134719
List the prime factors of 63708606.
2, 3, 13, 179
What are the prime factors of 30220428?
2, 3, 7, 359767
List the prime factors of 135240094.
2, 11, 6147277
What are the prime factors of 189373453?
401, 472253
List the prime factors of 149044150.
2, 5, 2980883
List the prime factors of 83627616.
2, 3, 797, 1093
What are the prime factors of 242352175?
5, 13, 745699
What are the prime factors of 1071899894?
2, 13, 41226919
List the prime factors of 491651016.
2, 3, 17, 1205027
What are the prime factors of 624792427?
7, 89256061
What are the prime factors of 3885215374?
2, 229, 8483003
What are the prime factors of 25627092?
2, 3, 17, 269, 467
What are the prime factors of 4230668340?
2, 3, 5, 47, 166693
What are the prime factors of 1214199870?
2, 3, 5, 13, 3113333
List the prime factors of 2194026799.
2194026799
What are the prime factors of 119987705?
5, 83, 289127
What are the prime factors of 94669041?
3, 41, 313, 2459
List the prime factors of 404188383.
3, 134729461
What are the prime factors of 1393119821?
23, 60570427
What are the prime factors of 569049209?
41, 13879249
What are the prime factors of 1251574650?
2, 3, 5, 19, 146383
List the prime factors of 119775854.
2, 11, 5444357
What are the prime factors of 164531042?
2, 13, 1721, 3677
What are the prime factors of 14810371?
14810371
What are the prime factors of 587972809?
37, 577, 27541
What are the prime factors of 7839007?
11, 241, 2957
What are the prime factors of 111279090?
2, 3, 5, 13, 29, 9839
List the prime factors of 538190772.
2, 3, 7, 6407033
List the prime factors of 3679832341.
25031, 147011
List the prime factors of 142822695.
3, 5, 17, 560089
What are the prime factors of 685876095?
3, 5, 15241691
List the prime factors of 444090952.
2, 19, 271, 10781
List the prime factors of 371814087.
3, 2347, 52807
What are the prime factors of 271948575?
3, 5, 17, 263, 811
List the prime factors of 6182479232.
2, 523, 92353
List the prime factors of 14894309.
19, 61, 71, 181
List the prime factors of 21624572.
2, 293, 18451
List the prime factors of 4178810.
2, 5, 417881
List the prime factors of 496661770.
2, 5, 11, 23, 109, 1801
What are the prime factors of 488549207?
488549207
What are the prime factors of 3423186033?
3, 2153, 529987
What are the prime factors of 19575724?
2, 7, 699133
List the prime factors of 14973117.
3, 83, 60133
What are the prime factors of 1763900679?
3, 73, 8054341
What are the prime factors of 817429389?
3, 7, 107, 131, 2777
List the prime factors of 30459577.
31, 53, 18539
List the prime factors of 726423018.
2, 3, 7669, 15787
What are the prime factors of 280000610?
2, 5, 28000061
List the prime factors of 230151878.
2, 11, 10461449
What are the prime factors of 46598065?
5, 229, 40697
List the prime factors of 42667939.
19, 2245681
List the prime factors of 376202135.
5, 75240427
List the prime factors of 2379803986.
2, 7, 53, 71, 199, 227
What are the prime factors of 4472756520?
2, 3, 5, 67, 556313
What are the prime factors of 306761796?
2, 3, 11, 149, 1733
List the prime factors of 4264203990.
2, 3, 5, 142140133
List the prime factors of 32936964.
2, 3, 2744747
List the prime factors of 2812755834.
2, 3, 7, 7441153
What are the prime factors of 1083137696?
2, 97, 348949
List the prime factors of 2561112770.
2, 5, 751, 341027
What are the prime factors of 120005138?
2, 11, 73, 6793
List the prime factors of 374911754.
2, 7, 43, 622777
What are the prime factors of 2923546046?
2, 37, 1067767
What are the prime factors of 22630067?
22630067
List the prime factors of 27146200.
2, 5, 135731
List the prime factors of 1257121926.
2, 3, 69840107
What are the prime factors of 68675747?
7, 19, 516359
What are the prime factors of 54030307?
47, 1149581
List the prime factors of 75410448.
2, 3, 449, 3499
List the prime factors of 3695722612.
2, 47, 2749, 7151
What are the prime factors of 1550989083?
3, 7, 5039, 14657
What are the prime factors of 47779230?
2, 3, 5, 73, 21817
List the prime factors of 637755220.
2, 5, 47, 678463
What are the prime factors of 29821677?
3, 1033, 9623
List the prime factors of 3661325832.
2, 3, 152555243
List the prime factors of 317684272.
2, 241, 82387
List the prime factors of 48863140.
2, 5, 383, 6379
List the prime factors of 213613685.
5, 42722737
List the prime factors of 7091416.
2, 886427
List the prime factors of 3213756095.
5, 11, 41, 1425169
What are the prime factors of 35691154?
2, 53, 6353
What are the prime factors of 874296723?
3, 17, 19, 23, 39229
List the prime factors of 31820019.
3, 7, 11, 139, 991
List the prime factors of 5116214486.
2, 2558107243
What are the prime factors of 3617929821?
3, 11, 19, 1787, 3229
What are the prime factors of 157862202?
2, 3, 23, 37, 43, 719
What are the prime factors of 529867557?
3, 67, 878719
L